w - 2*m = -0*w - 30. Calculate the remainder when 13 is divided by w.
5
What is the remainder when 133 is divided by (-1 - -2)*29 + 8/(-4)?
25
Let t(b) = b**2 + 6*b + 2. Let a be t(-6). Suppose -a*v = 3*v + 70. What is the remainder when -4 - -3 - 5*v is divided by 18?
15
Let l(g) = 2*g**2 - 2. Suppose 0 = -h - 0*h + 9. Calculate the remainder when h is divided by l(-2).
3
Let h be 7 - (-3*1)/(-3). Suppose 4*u - h = 3*u. Calculate the remainder when (6/(-10))/(2 - (-71)/(-35)) is divided by u.
3
What is the remainder when (5/2)/((-4)/(-56)) is divided by 9?
8
Suppose -2*g = -11*g + 162. Calculate the remainder when (21/(-2) + 2)*-4 is divided by g.
16
Let t = -57 - -99. What is the remainder when t is divided by 13?
3
Let j = -32 + 51. Let s = -131 + 203. Calculate the remainder when s is divided by j.
15
Suppose k = 5*k + 8. Calculate the remainder when k/((-6)/73)*3 is divided by 19.
16
Calculate the remainder when (-46)/(-4) + (-2)/4 is divided by (2/4)/(10/20) - -6.
4
Suppose 4*g = 8*g - 36. What is the remainder when 41 is divided by g?
5
Let s be (-12)/(-10)*(-5)/1. Let p(q) = -2*q - 2. Calculate the remainder when 3 + (-5)/10 + (-87)/(-6) is divided by p(s).
7
Suppose -g - 3 = -0. What is the remainder when 28 is divided by g/(-6)*26 + -3?
8
Let p be ((-15)/3 - -2)/(-1). Suppose 3*z - 40 = -4*m, -1 = z - 3*m + p. What is the remainder when 29 is divided by z?
5
Suppose 0 = 2*v - 29 - 7. Calculate the remainder when v is divided by 5.
3
Let m(y) = -y**2 + 6*y - 2. Let q = -1 - -12. What is the remainder when q is divided by m(5)?
2
Let r = 14 - 6. Let v = 13 - r. What is the remainder when 14 is divided by v?
4
Let z = -80 + 130. Calculate the remainder when z is divided by 26.
24
Suppose -d + 20 = -10. What is the remainder when 59 is divided by d?
29
Let b(k) = -k**2 - 9*k + 13. Let w be b(-10). Suppose y - x = 0, -2*y + w*x + 0 = 2. Calculate the remainder when 6/8*(-8)/(-3) is divided by y.
0
Let w be (-1 - 0)/((-4)/24). Calculate the remainder when 27 is divided by ((-28)/w)/((-14)/21).
6
Suppose m = 20 - 0. Suppose 232 = 7*o - 3*o. Calculate the remainder when o is divided by m.
18
Let x(y) = 8*y**2 - y - 1. Let w = -7 - -32. Calculate the remainder when x(-3) is divided by w.
24
Suppose 51 = -2*n + 5*n. Suppose n = 2*g - 3. What is the remainder when g is divided by 3?
1
Let h(x) = -x**2 + 7*x + 5. Let m be h(7). Let j(s) = -s**2 + 5*s + 5. Calculate the remainder when 9 is divided by j(m).
4
Let x = 74 - 48. What is the remainder when 128 is divided by x?
24
Suppose 2*x - 4 + 0 = 0. Suppose -a - x*a = 3*f + 3, 2*a + 23 = 5*f. Let i = 7 + 0. Calculate the remainder when i is divided by f.
1
Let s be (5/15)/(1/(-3)). What is the remainder when (-2)/(-1*s/(-24)) is divided by 17?
14
Suppose 5*m - 94 = 3*d, 0 = -3*m - 0*m + 4*d + 52. Let v = 9 + -3. Suppose r - v = s, r + 0 = 2*s + 5. Calculate the remainder when m is divided by r.
6
Let h(b) = -b + 9. Let j = -13 - -15. What is the remainder when j is divided by h(8)?
0
Suppose 5*k = 3*a + 72, -28 = -2*k + 4*a - 2*a. Suppose -132 = -3*p - 0. What is the remainder when p is divided by k?
14
Let l(i) = -3*i + 8. Calculate the remainder when (0 + (-9 - -1))*-6 is divided by l(-3).
14
Let y be -2 - (-1 + 2*-18). Suppose 30 = 4*j - 3*f + 2, 5*j + 5*f = y. Calculate the remainder when 27 is divided by j.
6
Suppose -5*t = 10, 0 = -4*k - 2*t - 7 - 1. Suppose -2*w + 111 = w. Calculate the remainder when w is divided by (13/1)/(2 + k).
11
Let o(x) = x**3 - 4*x + 3. Let j be (-1*1)/(5/(-15)). Let v(f) = 2*f**2 - 5*f + 4. Calculate the remainder when v(j) is divided by o(2).
1
Let i(a) = -a**3 + 6*a**2 + 8*a - 7. Let d be i(7). Suppose d*n + n + 1 = 0. Let q(u) = -6*u**3 + u. What is the remainder when 8 is divided by q(n)?
3
Let s = -109 + 123. What is the remainder when s is divided by 5?
4
What is the remainder when 5/(-20) + (-255)/(-12) is divided by 8?
5
Suppose r - 4*r = -204. Let y(u) = u**2 - 5. Let h be y(-9). Suppose -3*n - p + r = -2*p, -p = 3*n - h. What is the remainder when n is divided by 13?
11
Suppose -4*q - 5 = 5*n, 0*q + 4*n = -5*q + 5. Suppose -q*x + 2*v = -x - 90, 5*x - 5*v - 105 = 0. What is the remainder when ((-1)/3)/((-2)/x) is divided by 2?
0
Calculate the remainder when 106 is divided by 27/(6*(-1)/(-8)).
34
Let u = -11 - -17. What is the remainder when 21 is divided by u?
3
Suppose t + 10 = 13. Calculate the remainder when 3 is divided by t.
0
Suppose -70 = 5*g - 0*g. Calculate the remainder when 1 + 1 - (g - -2) is divided by 5.
4
Let a be 6/15 - 54/(-15). Suppose a*d = -d. Suppose -4*b + 5*b - 19 = d. Calculate the remainder when 56 is divided by b.
18
Suppose -3008 = 5*g - 3*a, -5*g - 4465 + 1429 = 4*a. Let w = -173 - g. What is the remainder when 6/(-33) + w/11 is divided by 20?
19
Suppose -13*a = -11*a - 10. What is the remainder when 8 is divided by a?
3
Suppose -2*y = -3 - 1. Suppose 2 - 4 = -l. Suppose l*a - 2*o - 161 = -a, -4 = -y*o. What is the remainder when a is divided by 19?
17
Suppose -3*q + 0 = 9. Let x = q + 33. Calculate the remainder when x is divided by 11.
8
Let c(s) = s**3 + 5*s**2 - 8*s - 4. Calculate the remainder when 12 is divided by c(-6).
4
Suppose -12 - 12 = -4*k. Let h(o) = -o**3 + 9*o**2 + 9*o + 12. Calculate the remainder when k is divided by h(10).
0
What is the remainder when (-905)/(-30) + (-1)/6 is divided by 16?
14
Let x(f) = -3 + f**3 - 9*f - 7*f**2 - 2*f**3 - 6. Calculate the remainder when 25 is divided by x(-6).
7
Let w = 12 - -31. Suppose -p = -6 - 9. Calculate the remainder when w is divided by p.
13
Let w(u) = -2*u**3 + 6*u**2 - 5*u - 4. Let a be w(-6). Let b be (-8)/(-12) - a/(-6). Suppose -b = -5*z + 17. What is the remainder when z is divided by 9?
8
Calculate the remainder when 25 is divided by 3/12 - (-165)/44.
1
Suppose 3 = l - 8. What is the remainder when 142 is divided by l?
10
What is the remainder when 39 is divided by (30/4)/(27/36)?
9
Let j(s) = -13*s + 8. What is the remainder when j(-5) is divided by 39?
34
Let d(q) = 8*q - 9. What is the remainder when 154 is divided by d(6)?
37
Suppose 0 = -0*q + 4*q - 16. Let k be 0 + (0 - 0 - -36). Suppose i = q*i - k. Calculate the remainder when 35 is divided by i.
11
Suppose 2*n - 60 = -2*u + 138, -3*n + 309 = -3*u. Calculate the remainder when n is divided by 34.
33
Let t(b) = -b**2 - 3. Let g be t(-3). Let l(a) = a + 15. What is the remainder when 5 is divided by l(g)?
2
Suppose 3*k = 11 + 25. What is the remainder when 23 is divided by k?
11
Calculate the remainder when (-10)/15*(-441)/6 is divided by 17.
15
Let w = 55 + -48. What is the remainder when 10 is divided by w?
3
Suppose 2*i + 3*m = 68, m + m + 4 = 0. Calculate the remainder when i is divided by 19.
18
Suppose 2*k - 2*n - 365 = -3*k, 3*k = 5*n + 238. Suppose 4*h + 19 - k = 0. What is the remainder when h is divided by 7?
6
Let f = -3 + 9. Suppose 0 = -o - 4*o + 15. Suppose o*q + 42 = f*q. Calculate the remainder when 40 is divided by q.
12
Let r = -56 - -123. Calculate the remainder when r is divided by 23.
21
Suppose -21 = -6*o + 93. Calculate the remainder when 94 is divided by o.
18
Let f(d) = -d**2 - 10*d + 11. Calculate the remainder when 102 is divided by f(-6).
32
Let z = -12 - -28. What is the remainder when 29 is divided by z?
13
Let t = 45 - 34. Calculate the remainder when 98 is divided by t.
10
Suppose 2*p = 4*o + 78, 2*o - 7*o + 180 = 5*p. Calculate the remainder when p is divided by 1/(1/20*2).
7
Let d be -44 - 2/(-8)*-4. Let y = -26 - d. What is the remainder when 55 is divided by y?
17
Let j = 47 + -30. Let s = 18 - 29. Let q = j + s. What is the remainder when 10 is divided by q?
4
Suppose 2*c - c - 1 = 0. Calculate the remainder when (-3)/(-6)*(c + 137) is divided by 18.
15
Suppose 2*s + 2*c - 42 = 0, -16*s - 111 = -21*s - 3*c. Calculate the remainder when s is divided by 17.
7
Suppose 0*k - 2*k + 26 = 2*z, 5*k - 3*z = 25. Suppose q + 51 = 2*o, 0 = 4*o + 5*q + k - 117. What is the remainder when o is divided by 9?
8
Let i(s) = -s**3 + 9*s**2 + 9*s + 13. Calculate the remainder when i(9) is divided by 24.
22
What is the remainder when (12/18)/(4/462) is divided by 20?
17
Suppose 2*g - 20 = -4*k + 10, -k = -5*g + 20. Let i = -5 - -7. Calculate the remainder when k is divided by i.
1
